 16. Let h be m(v). What is the greatest common divisor of h and 81?
9
Suppose -o = -4*p - 10, -3 = 5*p + 2. What is the highest common factor of 18 and o?
6
Let l(q) = 4*q**2. Let r be l(-3). Suppose d = 5 + 12. Let g = 73 + d. What is the greatest common divisor of g and r?
18
Let c = 164 + -273. Let n = c - -395. Calculate the greatest common factor of 26 and n.
26
Let m(p) = p**3 + 7*p**2 - 8*p + 8. Let n be m(-8). Calculate the greatest common divisor of 8 and n.
8
Suppose -2*m + 123 = 51. Suppose 136 + 74 = -2*k - 4*s, 3*s = -2*k - 211. Let p = -53 - k. Calculate the greatest common divisor of p and m.
18
Let j = 722 + -1174. Let u be j/(-14) + (-6)/21. Let f be 33/4 - (-2)/(-8). Calculate the greatest common factor of f and u.
8
Let h = -93 - -101. Calculate the greatest common factor of h and 6.
2
Let j = -6 - -15. Let w be 381/6 + 1/(-2). What is the highest common factor of j and w?
9
Let p(o) = 6*o + 4. Let r be p(-6). Let j be (12/16)/((-1)/r). Suppose -3*u + 15 = 3*d, 4*d - j = -d - 4*u. Calculate the highest common factor of d and 6.
2
Let i = 168 - 58. Calculate the highest common factor of 11 and i.
11
Suppose -24 + 192 = 6*y. Let q = 2 - 2. Suppose b + 4*b - 20 = q. What is the greatest common factor of y and b?
4
Let t = 7 + -5. Let l be (-7)/((-2)/(t - -8)). Suppose 0 = -b - 4*q + 13, -b = -0*b - q - 3. Calculate the greatest common factor of l and b.
5
Let y = 0 - -7. Let r = -129 + 136. What is the highest common divisor of y and r?
7
Suppose -7*a + 16 = -3*a. Calculate the greatest common factor of 10 and a.
2
Suppose 24 = 5*q + 4, -2*f - q = -148. Suppose r = 4*r - f. Calculate the highest common factor of r and 12.
12
Let d(k) = 1. Let o(j) = -30*j + 5. Let c(w) = 6*d(w) - o(w). Let m be c(2). Suppose 2*q = m + 5. What is the greatest common divisor of q and 11?
11
Suppose 2*d - 6*d = 16. Let g be (d/(-6) + 0)*3. Suppose -z = 4*z - 20, g*z - 5 = 3*x. Calculate the highest common divisor of x and 5.
1
Suppose -2*p = 2*p - 900. Calculate the highest common factor of 25 and p.
25
Suppose -14*y + 13*y + 11 = 0. Calculate the highest common divisor of y and 11.
11
Let i(f) = -f**2 + 4*f + 4. Suppose -u = 4*g - 13, u + 0*u = 2*g - 11. Let v be i(g). What is the greatest common factor of 1 and v?
1
Let b(t) = -t**3 - 6*t**2 - 4*t - 9. Let r be b(-6). Calculate the highest common divisor of 10 and r.
5
Let i be (-5 - (1 + -1))*208/(-130). What is the highest common factor of 136 and i?
8
Suppose 3*k - 10 = k. Suppose k*s - 35 = -565. Let q be (-4)/(-6) - s/3. What is the greatest common divisor of q and 24?
12
Let b = 2 - -3. Suppose -3*f - b*g + 71 = 14, -f + 26 = 4*g. What is the greatest common factor of f and 2?
2
Let m(h) = -2*h. Let s be m(-20). Suppose 2*f - 16 = -x - 2*f, 2*x - 6 = 5*f. What is the highest common divisor of x and s?
8
Let j be (-2434)/(-18) - (-12)/(-54). What is the highest common divisor of 54 and j?
27
Suppose -2*i = 2*a - 10, -6 + 0 = 3*i. What is the highest common divisor of 1 and a?
1
Let v(z) = -z**2 + 6*z + 19. Let f be v(8). What is the greatest common factor of 3 and f?
3
Suppose 3*j = 4*r - 14, -j + 2*j = 3*r - 13. Suppose 6*c - r*c - 16 = 0. Let d(m) = -m + 24. Let u be d(0). What is the highest common divisor of c and u?
8
Let z = 16 + 4. Suppose 2*a - 43 = -5*u + 3*a, 0 = -u + 4*a + z. Calculate the greatest common divisor of u and 4.
4
Let w(n) = -5*n**2 + 38*n - 10. Let z be w(5). Let i(q) = q**2 - 6*q + 5. Let p be i(6). What is the highest common divisor of p and z?
5
Let x(s) = 13*s - 3. Let a be x(2). Let k = a + -2. Let h(g) = -g**3 + 6*g**2 - 5*g + 2. Let i be h(4). Calculate the highest common divisor of k and i.
7
Suppose 4 = t + 3*t. Let a be 78/24*(t + 3). Calculate the highest common factor of a and 65.
13
Suppose 38*t = 34*t + 192. Calculate the highest common factor of t and 12.
12
Suppose 911 - 211 = 5*q. Let x(z) = -4*z - 8. Let a be 7/(-2)*4/2. Let t be x(a). Calculate the greatest common divisor of t and q.
20
Let c be (20/(-8))/((-2)/24). What is the highest common divisor of c and 330?
30
Let t = -11 - -14. Suppose 7*b - 44 = t*b. Calculate the highest common factor of b and 1.
1
Let a(l) = -l**3 + 14*l**2 + 19*l + 12. Let s be a(15). What is the highest common factor of 9 and s?
9
Suppose -8*y + 640 = -3*y. What is the highest common divisor of 16 and y?
16
Suppose -3*n = -8*n + 475. Let i be n/2 - (-1)/2. Calculate the highest common factor of i and 16.
16
Let n(u) = 56*u**2 - u - 2. Let x be n(2). Let f = -132 + x. What is the highest common factor of f and 11?
11
Suppose -7*w - 48 = -3*w. Let f be w/(-10)*(-20)/(-4). What is the highest common divisor of 6 and f?
6
Let u = 23 - 22. Let l(m) = 8*m**3 + m**2 - m. Let d be l(u). Calculate the highest common divisor of 40 and d.
8
Suppose 16 = 4*q, -4*q - 233 + 19 = -5*p. Calculate the highest common divisor of 322 and p.
46
Let i(l) = -4*l - 11. Let p be i(-3). What is the highest common divisor of 7 and p?
1
Let n = -45 + 421. What is the highest common divisor of 47 and n?
47
Let l be (-1 - 14)*(1 + -4). Suppose j - 17 = -4*u - 0*u, 3*u + 39 = 5*j. What is the highest common divisor of j and l?
9
Suppose k = -2*k. Suppose -3*n = -k*n - 3. What is the greatest common divisor of n and 4?
1
Suppose -77 + 20 = 4*o + 3*c, 33 = -4*o + 5*c. Let z = o - -20. Calculate the highest common factor of 4 and z.
4
Let k(n) = -46*n**3 + 2*n + 3. Let j be k(-2). Suppose -m - 2*a + 0*a = -129, 0 = -3*m - a + j. What is the highest common divisor of 11 and m?
11
Let p = 75 - 72. Calculate the greatest common divisor of p and 4.
1
Suppose 3*i - 5*n - 27 - 2 = 0, 5*n - 23 = -i. Suppose -2*c = -3*z - 130, -3*c + 2*c + 2*z = -65. Calculate the highest common factor of i and c.
13
Let c(t) = -t - 5. Let u be c(-7). Let b(a) = -a**2 + 9*a - 17. Let m be b(6). What is the highest common factor of m and u?
1
Let f be 1/((-21)/10 + 2). Let y be (-35)/f*(-1 + 11). What is the highest common factor of 14 and y?
7
Let d(t) be the first derivative of -t**3/3 - t**2/2 - 2*t - 1. Let c be d(0). Let i be 13 - (-5)/(5/c). What is the highest common factor of i and 77?
11
Let g(o) = 53*o + 1. Let n be g(1). Let m(w) = -4*w - 2. Let q be m(-5). What is the highest common divisor of n and q?
18
Let q(z) = -3*z + 13. Let r be q(7). Let l be 648/10 + r/(-40). What is the greatest common divisor of 26 and l?
13
Let d be 8/(-6)*6/(-4). Let p = -11 + 10. Let o = 5 + p. What is the highest common factor of o and d?
2
Let d = 4 + 7. Calculate the highest common factor of 77 and d.
11
Suppose 0 = 7*h - 49 - 126. Let c(x) = -2*x**3 - 4*x**2 - 2*x + 3. Let q be c(-4). Calculate the greatest common factor of h and q.
25
Suppose 4*f - 4*b - 112 = 0, 3*b - 62 - 70 = -5*f. What is the highest common divisor of f and 6?
3
Let s be (3*-16)/((-2)/3). Let c be s + (1 + -3 - 0). Let l(r) = r**3 + 8*r**2 - 18*r + 30. Let y be l(-10). What is the greatest common factor of y and c?
10
Let f be 216/8 - (-1 + 4). What is the highest common factor of 264 and f?
24
Let b = 135 + -117. Let t = 3 - 1. Calculate the greatest common divisor of b and t.
2
Suppose -7*o + 64 = -48. Let n = 49 - 33. What is the highest common factor of o and n?
16
Let p = -34 - -57. Let x = p + -7. Calculate the greatest common factor of x and 48.
16
Let t(f) = -f**2 + 13*f - 27. Let g be t(10). What is the highest common divisor of 12 and g?
3
Let c(y) = -41*y**3 - 3*y - 2. Let s be c(-1). Calculate the greatest common divisor of 21 and s.
21
Suppose 9*v - 980 = -v. Calculate the greatest common divisor of v and 245.
49
Suppose 2*w = -n + 6, 5*n = -w - w - 10. Calculate the greatest common factor of 45 and w.
5
Let b be (8/10)/(4/250). Let i(y) be the second derivative of y**4/12 - 7*y**3/6 - 4*y**2 + 4*y. Let p be i(9). Calculate the greatest common factor of b and p.
10
Let i be 6/9*(-4 + 1). Let x be (i - (-1 + 1)) + 9. Suppose x*q - 2*q - 25 = 0. What is the greatest common divisor of q and 1?
1
Let a = -34 + 38. What is the greatest common divisor of 6 and a?
2
Suppose 4*u - 56 = 48. Let r be (-1)/2*(-40)/(-1). Let h = r - -33. What is the highest common factor of u and h?
13
Let u(y) = 16*y**3 - y**2 - y. Let c be u(-1). Let i be 3/(-5) - c/10. Let w(o) = o. Let s be w(1). Calculate the grea